{"id":3741,"date":"2025-10-26T23:22:46","date_gmt":"2025-10-27T02:22:46","guid":{"rendered":"https:\/\/ccb.art.br\/home\/?page_id=3741"},"modified":"2025-10-27T12:41:46","modified_gmt":"2025-10-27T15:41:46","slug":"em-movimento","status":"publish","type":"page","link":"https:\/\/ccb.art.br\/home\/em-movimento\/","title":{"rendered":"Em movimento"},"content":{"rendered":"\t\t<div data-elementor-type=\"wp-page\" data-elementor-id=\"3741\" class=\"elementor elementor-3741\">\n\t\t\t\t<div class=\"elementor-element elementor-element-2549e939 e-flex e-con-boxed e-con e-parent\" data-id=\"2549e939\" data-element_type=\"container\" data-settings=\"{&quot;background_background&quot;:&quot;classic&quot;}\">\n\t\t\t\t\t<div class=\"e-con-inner\">\n\t\t<div class=\"elementor-element elementor-element-f50d0fa e-con-full animated-slow e-flex elementor-invisible e-con e-child\" data-id=\"f50d0fa\" data-element_type=\"container\" data-settings=\"{&quot;animation&quot;:&quot;zoomIn&quot;}\">\n\t\t\t\t<div class=\"elementor-element elementor-element-3ffca4c elementor-widget elementor-widget-heading\" data-id=\"3ffca4c\" data-element_type=\"widget\" data-widget_type=\"heading.default\">\n\t\t\t\t<div class=\"elementor-widget-container\">\n\t\t\t\t\t<h2 class=\"elementor-heading-title elementor-size-default\">Butant\u00e3 em movimento<\/h2>\t\t\t\t<\/div>\n\t\t\t\t<\/div>\n\t\t\t\t<div class=\"elementor-element elementor-element-14e99f0 elementor-widget-divider--view-line elementor-widget elementor-widget-divider\" data-id=\"14e99f0\" data-element_type=\"widget\" data-widget_type=\"divider.default\">\n\t\t\t\t<div class=\"elementor-widget-container\">\n\t\t\t\t\t\t\t<div class=\"elementor-divider\">\n\t\t\t<span class=\"elementor-divider-separator\">\n\t\t\t\t\t\t<\/span>\n\t\t<\/div>\n\t\t\t\t\t\t<\/div>\n\t\t\t\t<\/div>\n\t\t\t\t<\/div>\n\t\t\t\t<div class=\"elementor-element elementor-element-4c6fdb30 animated-slow elementor-invisible elementor-widget elementor-widget-text-editor\" data-id=\"4c6fdb30\" data-element_type=\"widget\" data-settings=\"{&quot;_animation&quot;:&quot;fadeIn&quot;}\" data-widget_type=\"text-editor.default\">\n\t\t\t\t<div class=\"elementor-widget-container\">\n\t\t\t\t\t\t\t\t\t<p data-start=\"257\" data-end=\"538\">O <strong data-start=\"259\" data-end=\"292\">Centro Cultural Butant\u00e3 (CCB)<\/strong> \u00e9 um espa\u00e7o independente dedicado \u00e0 arte, \u00e0 forma\u00e7\u00e3o e \u00e0 conviv\u00eancia comunit\u00e1ria. Desde sua cria\u00e7\u00e3o, atua como um <strong data-start=\"407\" data-end=\"450\">laborat\u00f3rio vivo de cultura e cidadania<\/strong>, conectando artistas, coletivos, educadores e moradores da regi\u00e3o oeste de S\u00e3o Paulo.<\/p><p data-start=\"540\" data-end=\"851\">Aqui, a cultura \u00e9 entendida como uma <strong data-start=\"577\" data-end=\"615\">ferramenta de transforma\u00e7\u00e3o social,\u00a0<\/strong>um lugar onde o fazer coletivo, a diversidade e a experimenta\u00e7\u00e3o moldam novas formas de viver a cidade. O CCB busca ser um territ\u00f3rio de trocas, aprendizado e cria\u00e7\u00e3o compartilhada, fortalecendo os v\u00ednculos entre arte e comunidade.<\/p><p data-start=\"853\" data-end=\"1201\">Nossa <strong data-start=\"859\" data-end=\"869\">miss\u00e3o<\/strong> \u00e9 promover o <strong data-start=\"883\" data-end=\"936\">acesso democr\u00e1tico \u00e0 arte, \u00e0 cultura e \u00e0 educa\u00e7\u00e3o<\/strong>, fortalecendo a identidade cultural do Butant\u00e3 e o protagonismo dos coletivos e moradores da regi\u00e3o. Nossa <strong data-start=\"1044\" data-end=\"1053\">vis\u00e3o<\/strong> \u00e9 ser reconhecido como um <strong data-start=\"1080\" data-end=\"1140\">polo cultural de refer\u00eancia em inova\u00e7\u00e3o e impacto social<\/strong>, onde arte, comunidade e sustentabilidade caminham juntas.<\/p><p data-start=\"1203\" data-end=\"1513\">Nossos <strong data-start=\"1210\" data-end=\"1221\">valores<\/strong> est\u00e3o ancorados na <strong data-start=\"1241\" data-end=\"1267\">diversidade e inclus\u00e3o<\/strong>, na <strong data-start=\"1272\" data-end=\"1287\">colabora\u00e7\u00e3o<\/strong> como base da transforma\u00e7\u00e3o, na <strong data-start=\"1319\" data-end=\"1336\">transpar\u00eancia<\/strong> com a comunidade e parceiros, na <strong data-start=\"1370\" data-end=\"1390\">sustentabilidade<\/strong> das rela\u00e7\u00f5es e do territ\u00f3rio e na <strong data-start=\"1425\" data-end=\"1446\">inova\u00e7\u00e3o cultural<\/strong>, entendida como liberdade criativa e espa\u00e7o para experimenta\u00e7\u00e3o.<\/p><p data-start=\"1515\" data-end=\"1849\">O <strong data-start=\"1517\" data-end=\"1535\">p\u00fablico do CCB<\/strong> \u00e9 diverso: moradores do Butant\u00e3 e arredores, artistas independentes, coletivos culturais, estudantes, educadores, fam\u00edlias e crian\u00e7as que participam de oficinas, shows, feiras e exposi\u00e7\u00f5es. Mais do que um espa\u00e7o de eventos, o CCB \u00e9 um <strong data-start=\"1771\" data-end=\"1808\">ponto de encontro intergeracional<\/strong>, onde a cultura aproxima e transforma.<\/p><p data-start=\"1851\" data-end=\"2232\">Nossa <strong data-start=\"1857\" data-end=\"1870\">estrutura <\/strong><span data-start=\"1857\" data-end=\"1870\">\u00e9\u00a0<\/span>para apoiar processos criativos e formativos: o espa\u00e7o conta com salas de oficinas e cursos, audit\u00f3rio e palco para apresenta\u00e7\u00f5es, \u00e1rea expositiva, est\u00fadios de ensaio e grava\u00e7\u00e3o, al\u00e9m de uma \u00e1rea externa para feiras, conviv\u00eancia e eventos abertos. H\u00e1 tamb\u00e9m um caf\u00e9 e uma loja colaborativa, que fortalecem o ecossistema de economia criativa local.<\/p><p data-start=\"2234\" data-end=\"2444\">Mais do que um endere\u00e7o cultural, o CCB \u00e9 uma <strong data-start=\"2280\" data-end=\"2293\">rede viva,<\/strong>\u00a0um organismo em movimento que acredita na <strong data-start=\"2338\" data-end=\"2371\">pot\u00eancia das conex\u00f5es humanas<\/strong>, no <strong data-start=\"2376\" data-end=\"2399\">valor do territ\u00f3rio<\/strong> e na <strong data-start=\"2405\" data-end=\"2441\">arte como motor de transforma\u00e7\u00e3o<\/strong>.<\/p><p><!-- \/wp:paragraph --><\/p>\t\t\t\t\t\t\t\t<\/div>\n\t\t\t\t<\/div>\n\t\t\t\t\t<\/div>\n\t\t\t\t<\/div>\n\t\t\t\t<\/div>\n\t\t","protected":false},"excerpt":{"rendered":"<p>Butant\u00e3 em movimento Somos o Centro Cultural Butant\u00e3 O Centro Cultural Butant\u00e3 (CCB) \u00e9 um espa\u00e7o independente dedicado \u00e0 arte, \u00e0 forma\u00e7\u00e3o e \u00e0 conviv\u00eancia comunit\u00e1ria. Desde sua cria\u00e7\u00e3o, atua como um laborat\u00f3rio vivo de cultura e cidadania, conectando artistas, coletivos, educadores e moradores da regi\u00e3o oeste de S\u00e3o Paulo. Aqui, a cultura \u00e9 entendida [&hellip;]<\/p>\n","protected":false},"author":1,"featured_media":0,"parent":0,"menu_order":0,"comment_status":"closed","ping_status":"closed","template":"","meta":{"site-sidebar-layout":"no-sidebar","site-content-layout":"","ast-site-content-layout":"full-width-container","site-content-style":"unboxed","site-sidebar-style":"unboxed","ast-global-header-display":"","ast-banner-title-visibility":"","ast-main-header-display":"","ast-hfb-above-header-display":"","ast-hfb-below-header-display":"","ast-hfb-mobile-header-display":"","site-post-title":"disabled","ast-breadcrumbs-content":"","ast-featured-img":"","footer-sml-layout":"","theme-transparent-header-meta":"enabled","adv-header-id-meta":"","stick-header-meta":"","header-above-stick-meta":"","header-main-stick-meta":"","header-below-stick-meta":"","astra-migrate-meta-layouts":"set","ast-page-background-enabled":"default","ast-page-background-meta":{"desktop":{"background-color":"","background-image":"","background-repeat":"repeat","background-position":"center center","background-size":"auto","background-attachment":"scroll","background-type":"","background-media":"","overlay-type":"","overlay-color":"","overlay-opacity":"","overlay-gradient":""},"tablet":{"background-color":"","background-image":"","background-repeat":"repeat","background-position":"center center","background-size":"auto","background-attachment":"scroll","background-type":"","background-media":"","overlay-type":"","overlay-color":"","overlay-opacity":"","overlay-gradient":""},"mobile":{"background-color":"","background-image":"","background-repeat":"repeat","background-position":"center center","background-size":"auto","background-attachment":"scroll","background-type":"","background-media":"","overlay-type":"","overlay-color":"","overlay-opacity":"","overlay-gradient":""}},"ast-content-background-meta":{"desktop":{"background-color":"var(--ast-global-color-5)","background-image":"","background-repeat":"repeat","background-position":"center center","background-size":"auto","background-attachment":"scroll","background-type":"","background-media":"","overlay-type":"","overlay-color":"","overlay-opacity":"","overlay-gradient":""},"tablet":{"background-color":"var(--ast-global-color-5)","background-image":"","background-repeat":"repeat","background-position":"center center","background-size":"auto","background-attachment":"scroll","background-type":"","background-media":"","overlay-type":"","overlay-color":"","overlay-opacity":"","overlay-gradient":""},"mobile":{"background-color":"var(--ast-global-color-5)","background-image":"","background-repeat":"repeat","background-position":"center center","background-size":"auto","background-attachment":"scroll","background-type":"","background-media":"","overlay-type":"","overlay-color":"","overlay-opacity":"","overlay-gradient":""}},"footnotes":""},"class_list":["post-3741","page","type-page","status-publish","hentry"],"_links":{"self":[{"href":"https:\/\/ccb.art.br\/home\/wp-json\/wp\/v2\/pages\/3741","targetHints":{"allow":["GET"]}}],"collection":[{"href":"https:\/\/ccb.art.br\/home\/wp-json\/wp\/v2\/pages"}],"about":[{"href":"https:\/\/ccb.art.br\/home\/wp-json\/wp\/v2\/types\/page"}],"author":[{"embeddable":true,"href":"https:\/\/ccb.art.br\/home\/wp-json\/wp\/v2\/users\/1"}],"replies":[{"embeddable":true,"href":"https:\/\/ccb.art.br\/home\/wp-json\/wp\/v2\/comments?post=3741"}],"version-history":[{"count":57,"href":"https:\/\/ccb.art.br\/home\/wp-json\/wp\/v2\/pages\/3741\/revisions"}],"predecessor-version":[{"id":3952,"href":"https:\/\/ccb.art.br\/home\/wp-json\/wp\/v2\/pages\/3741\/revisions\/3952"}],"wp:attachment":[{"href":"https:\/\/ccb.art.br\/home\/wp-json\/wp\/v2\/media?parent=3741"}],"curies":[{"name":"wp","href":"https:\/\/api.w.org\/{rel}","templated":true}]}}